{"id":479,"date":"2017-01-03T19:07:27","date_gmt":"2017-01-03T18:07:27","guid":{"rendered":"http:\/\/neu.sg-thalmaessing.de\/?page_id=479"},"modified":"2017-11-19T11:18:46","modified_gmt":"2017-11-19T10:18:46","slug":"ergebnisse","status":"publish","type":"page","link":"https:\/\/www.sg-thalmaessing.de\/?page_id=479","title":{"rendered":"Ergebnisse"},"content":{"rendered":"<p><a href=\"http:\/\/www.rwk-shooting.de\/drucken\/index.php\" target=\"_blank\" rel=\"noopener\">Rundenwettk\u00e4mpfe<\/a> <span style=\"font-size: 8pt;\">(externer Link zu RWK-Shooting)<\/span><\/p>\n<p><a href=\"http:\/\/www.sg-thalmaessing.de\/?page_id=485\">Vereinsmeisterschaft<\/a><\/p>\n<p><a href=\"http:\/\/www.sg-thalmaessing.de\/?page_id=611\">K\u00f6nigsschie\u00dfen<\/a><\/p>\n<p><a href=\"http:\/\/www.sg-thalmaessing.de\/?page_id=489\">Kipphasenschie\u00dfen<\/a><\/p>\n<p><a href=\"http:\/\/www.sg-thalmaessing.de\/?page_id=487\">Winterschie\u00dfen<\/a><\/p>\n<p><a href=\"http:\/\/www.sg-thalmaessing.de\/?page_id=703\" target=\"_blank\" rel=\"noopener\">Ordonanzgewehr<\/a><\/p>\n<p><a href=\"http:\/\/www.gm-shooting.de\/drucken\/index.php?page=0\" target=\"_blank\" rel=\"noopener\">Gaumeisterschaft<\/a> <span style=\"font-size: 8pt;\">(externer Link zu gm-shooting)<\/span><\/p>\n<p><a href=\"http:\/\/www.gm-shooting.de\/drucken\/index.php?page=0\" target=\"_blank\" rel=\"noopener\">Bezirksmeisterschaft<\/a> <span style=\"font-size: 8pt;\">(externer Link zu gm-shooting)<\/span><\/p>\n<p><a href=\"http:\/\/www.bssb.de\/service\/downloads\/Meisterschaften\/Bayerische_Meisterschaft\/\" target=\"_blank\" rel=\"noopener\">Bayerische Meisterschaft<\/a> <span style=\"font-size: 8pt;\">(externer Link zur BSSB-Homepage)<\/span><\/p>\n<p>Deutsche Meisterschaft<\/p>\n<p>&nbsp;<\/p>\n","protected":false},"excerpt":{"rendered":"<p>Rundenwettk\u00e4mpfe (externer Link zu RWK-Shooting) Vereinsmeisterschaft K\u00f6nigsschie\u00dfen Kipphasenschie\u00dfen Winterschie\u00dfen Ordonanzgewehr Gaumeisterschaft (externer Link zu gm-shooting) Bezirksmeisterschaft (externer Link zu gm-shooting)<\/p>\n","protected":false},"author":1,"featured_media":0,"parent":0,"menu_order":0,"comment_status":"closed","ping_status":"closed","template":"","meta":{"footnotes":""},"class_list":["post-479","page","type-page","status-publish","hentry"],"_links":{"self":[{"href":"https:\/\/www.sg-thalmaessing.de\/index.php?rest_route=\/wp\/v2\/pages\/479","targetHints":{"allow":["GET"]}}],"collection":[{"href":"https:\/\/www.sg-thalmaessing.de\/index.php?rest_route=\/wp\/v2\/pages"}],"about":[{"href":"https:\/\/www.sg-thalmaessing.de\/index.php?rest_route=\/wp\/v2\/types\/page"}],"author":[{"embeddable":true,"href":"https:\/\/www.sg-thalmaessing.de\/index.php?rest_route=\/wp\/v2\/users\/1"}],"replies":[{"embeddable":true,"href":"https:\/\/www.sg-thalmaessing.de\/index.php?rest_route=%2Fwp%2Fv2%2Fcomments&post=479"}],"version-history":[{"count":8,"href":"https:\/\/www.sg-thalmaessing.de\/index.php?rest_route=\/wp\/v2\/pages\/479\/revisions"}],"predecessor-version":[{"id":1501,"href":"https:\/\/www.sg-thalmaessing.de\/index.php?rest_route=\/wp\/v2\/pages\/479\/revisions\/1501"}],"wp:attachment":[{"href":"https:\/\/www.sg-thalmaessing.de\/index.php?rest_route=%2Fwp%2Fv2%2Fmedia&parent=479"}],"curies":[{"name":"wp","href":"https:\/\/api.w.org\/{rel}","templated":true}]}}